 c = 9 + p. Suppose c*t = 15 + 13. What are the prime factors of t?
7
What are the prime factors of 3624 + 10/(-50)*-55?
5, 727
Suppose -8*b + 11*b + a = 4649, 3*b - 5*a - 4655 = 0. What are the prime factors of b?
2, 5, 31
Let f be ((-5)/2)/5*-6. Let m(r) = 0 + f + 7*r - 1 + 5*r. List the prime factors of m(4).
2, 5
Let d(o) = -o - 3. Let r(f) = -f. Let q be r(3). Let a be d(q). Suppose 28 = -a*w + 2*w. What are the prime factors of w?
2, 7
Let r = -36 - 124. Let c be (-20)/6 + 4/(-6). List the prime factors of ((-4)/(-10))/(c/r).
2
Let h(w) = 3*w - 4 - 5 + 5*w - 15. What are the prime factors of h(11)?
2
Let q(m) = -23*m**3 - 8*m**2 - 3*m. What are the prime factors of q(-3)?
2, 3, 31
Suppose -53*p + 51*p = -412. What are the prime factors of p?
2, 103
Let a = -40 - -41. List the prime factors of a*52*27/36.
3, 13
Suppose -3*g - 85 = -p, 7*g + 235 = 3*p + 3*g. List the prime factors of -1 + 5 + (p - 0).
7, 11
Suppose -5*y = -4*f + 28, -2*f + 2*y + 16 = -y. What are the prime factors of (10/15)/(f/183)?
61
Let l = 31 + -2. Let u = -17 + l. Suppose -3*h + 2*h - 8 = -2*p, 4*h = 4*p - u. List the prime factors of p.
5
Let j(k) = 6*k**2 - 141*k - 31. List the prime factors of j(30).
17, 67
Let l = 36 - 26. Let o(z) = 2*z**2 - 5*z + 12. Let w be o(l). Suppose -w = -5*b - 2*s + 12, -3*b + 2*s = -114. What are the prime factors of b?
2, 3
Let l(s) be the second derivative of s**5/60 + 7*s**4/24 - 5*s**3/3 - 2*s**2 - 12*s. Let o(p) be the first derivative of l(p). List the prime factors of o(-12).
2, 5
Suppose 34 = 2*h + 4*c, 3*h = -5*c + 44 + 5. Let k = h - 11. Suppose 3*v - 65 = 3*j - k*j, 5*v - 4*j - 99 = 0. What are the prime factors of v?
23
Let f = 29 - 26. Suppose -4*y + w + 155 = -0*w, f*y - 116 = w. What are the prime factors of y?
3, 13
What are the prime factors of ((-4880)/(-6))/(-10)*-3?
2, 61
Let p(q) = 122*q**2 - q + 3. Let t be p(-2). Suppose 2*f - 2*m = -6*m + 186, -5*f + t = 3*m. List the prime factors of f.
101
Let y = 4965 + -3055. List the prime factors of y.
2, 5, 191
Suppose -24 = -k + 3*r, 3*r = 2*k + 4*r - 27. Suppose -k = -a - 4*a. What are the prime factors of a?
3
Let j(d) = -7*d + 12. Let o(p) = p - 5. Let v be o(2). List the prime factors of j(v).
3, 11
Suppose -4*f + 23 = -5*r + 2*r, 5*r + 49 = 4*f. Let g(v) = -9*v - 38. List the prime factors of g(r).
79
Suppose -4*n = 3*r - 1840, -12*r + 14*r = -2*n + 1228. What are the prime factors of r?
2, 7, 11
Let a(b) = -3*b**2 + b - 6. Let c be a(4). Let r = c - -74. Suppose -4*j = -2*j - r. What are the prime factors of j?
2, 3
List the prime factors of (12 + 12463/(-33))*-3.
1097
Suppose v = 3*r + 4*v + 594, r + 186 = 2*v. What are the prime factors of r/(-6) - 30/(-45)?
3, 11
Let v(j) = j**3 - 9*j**2 + 4*j - 30. List the prime factors of v(13).
2, 349
Let m(a) = 8*a**2 + 23*a + 6. What are the prime factors of m(-17)?
41, 47
Let x = 60 + 365. Suppose -5*j = -5*i - x, -4*j + 3*i + 220 + 118 = 0. What are the prime factors of j?
83
Let y = 17 + -13. Let r be ((-108)/(-45))/(y/(-30)). Let x = r - -34. What are the prime factors of x?
2
Suppose -16 = -3*g + 2*u + 2*u, -5*g + 20 = -5*u. Suppose 2*w - d - 1 = g, 4*w = 3*w - 5*d - 27. What are the prime factors of (14/(-4))/(w/4)?
7
Let w(f) = -2*f**3 - 102*f**2 + 94*f + 151. List the prime factors of w(-52).
11, 61
Let d be ((-50)/2)/(-2 + 1). Suppose -v - d = 3*n, -3*v + 0*v = -4*n + 36. What are the prime factors of (-7)/((v/4)/4)?
7
Let r(g) = -g + 12. Let y(q) = -q**3 + 2*q**2 + 4*q + 5. Let j be y(4). Let d = j - -11. What are the prime factors of r(d)?
2, 3
Suppose -5*k - 9 = -19. Suppose 5*y + 2 = k*a, 0 = -5*y - 0*y - a + 1. Suppose -2*z + 4 = -y*z. List the prime factors of z.
2
Let g = 2501 - 1326. List the prime factors of g.
5, 47
Suppose 2*z = -4*a + 18, -5*z + 24 = -z + 4*a. Let h(s) = 11*s**2 - 10*s + z*s**2 - 5 - s**2 + 3*s - s**3. List the prime factors of h(12).
5, 11
Suppose -154 - 125 = -3*a. Let f be 2/2 + 1 + 79. Suppose -4*b + 2*c - 3*c = -a, 3*b - f = -3*c. What are the prime factors of b?
2, 11
Let l(f) = 66*f + 100. List the prime factors of l(18).
2, 7, 23
Let u(h) = -h. Let j be u(-6). Let y be j/((-6)/16 + 0). List the prime factors of y/(-7) - (-4)/(-14).
2
Let u(r) = -r**2 + 7*r. Let m be u(6). Suppose -4*g = m*g - 750. List the prime factors of g.
3, 5
Let d = -27 + 29. Suppose 0 = 2*b + d, -2*p - 3*b - 298 = -7*p. List the prime factors of p.
59
Suppose 6*t - 16 = 4*t. Suppose -2*u - 10 + t = 0. What are the prime factors of (u/4)/((-9)/72)?
2
Suppose -11*n + 13*n = 2*b + 2006, -2*n = -3*b - 2008. List the prime factors of n.
7, 11, 13
Let z(g) = 8*g - 6. Let j be z(-9). Let u = j + 167. List the prime factors of u.
89
Let h(o) = -7*o - 43. Let w be h(-20). What are the prime factors of w - -4 - ((-2)/(-1) + -2)?
101
Let y be (-2 - -2)*(-1 - -2). Let q be (y - 2)/(5 + -6). What are the prime factors of q/(-2)*(7 + -11)?
2
Suppose 0 = -16*d + 32*d - 10192. List the prime factors of d.
7, 13
Let z(a) = -5*a + 68. Let p be z(11). Suppose p*j + 870 = 16*j. List the prime factors of j.
2, 5, 29
Suppose 2*i = 4*t + 2, -5*i + 26 = 3*t - 31. Let g(x) = -x**2 + 12*x - 4 - 9 + 4. What are the prime factors of g(i)?
2, 3
Suppose 3*y = 4*c - 9896, 0 = -5*c - y - 2266 + 14617. What are the prime factors of c/35 + (-2)/(-5)?
71
Let p = -392 - -720. What are the prime factors of p?
2, 41
Suppose i - 4*t = 146, -4*i + 539 = -4*t - 9. Suppose 1694 = 6*x + i. List the prime factors of x.
2, 5, 13
Let o(j) = 2*j**3 + 99*j**2 - 54*j - 135. What are the prime factors of o(-49)?
2, 307
Suppose 8*s = 3*s + 5*g + 1090, 2*g = 4. Suppose -3*f = -5*m, 2*m - 5 - 9 = 4*f. List the prime factors of 1/(5/s) - m.
47
Let w be (-6)/33 - (-14968)/(-44)*-1. Suppose w = 9*s + s. What are the prime factors of s?
2, 17
Let m be (8/2)/(-4)*1. Let v(l) = -8*l + 1. Let t be v(m). Let q(x) = 3*x + 6. What are the prime factors of q(t)?
3, 11
Let h = 1605 - 746. What are the prime factors of h?
859
Let i = 332 + -151. What are the prime factors of i?
181
Let z = 252 + 33. List the prime factors of z.
3, 5, 19
Let s(b) be the first derivative of 22*b**2 - 46*b - 40. List the prime factors of s(4).
2, 5, 13
Let m = -148 + 179. Suppose 177 = 3*u + 27. Let d = u - m. List the prime factors of d.
19
What are the prime factors of 1818 - -1 - (0 - (2 - -4))?
5, 73
Let b be (-5)/25 + 431/5. Let x = 149 - b. List the prime factors of x.
3, 7
Suppose 5*v = 4*p + 2440, p + 2*p = -v + 507. List the prime factors of v.
2, 3, 41
Let d = -39 + 54. Let y(x) = -x**3 + 3*x**2 - 2*x + 3. Let q be y(2). Suppose q*v - 48 = -d. List the prime factors of v.
11
Let q(z) = -z**3 - 7*z**2 - 9*z + 1. Let l be q(-5). List the prime factors of (-3 - l)/((-1)/(-41)).
41
Let u = 40 - 37. Suppose -3*h = -15, -u*r + 3*h = 2*r - 40. What are the prime factors of r?
11
Suppose -5*n + 8 + 7 = 0. Let u = 0 + n. Suppose 7*m - u*m = 40. What are the prime factors of m?
2, 5
Let w be (29/(-2) - -3)*-2. Let r = -20 + w. Suppose -89 = -3*s - 4*o, 95 = 5*s + r*o - 57. What are the prime factors of s?
31
Suppose -5*k + 8*k - 2*w = 932, 0 = k - 4*w - 304. Suppose 0 = -6*p - 6*p + k. What are the prime factors of p?
2, 13
Let y(t) = t - 6. Let i be y(5). Let z(f) = 1 - 4*f + 3*f**2 + 7*f**2 + 8*f - 3*f. List the prime factors of z(i).
2, 5
What are the prime factors of (58048/(-192))/((-1)/3)?
907
Suppose -4*v = 4*r - 2*v - 2114, 0 = 2*v - 10. Suppose -4*t + r = -230. List the prime factors of t.
3, 7
Suppose -3*n = 6, 5*n - 3 - 17 = -3*m. Let c = -8 + m. Suppose -a - 4 = 2*q, -4*q - 2 = -c*a + 22. List the prime factors of a.
2
Let s(x) = 11*x + 16. Let y(l) = -l**3 + 18*l**2 - 16*l - 11. Let k be y(17). Let m be s(k). List the prime factors of (m/(-3))/((-12)/18).
41
Let q be 21/4*(-28)/(-21). Let x(l) = 31*l - 8. What are the prime factors of x(q)?
11, 19
Let i(h) = -3*h**3 + 4*h + 0*h - 2*h**2 + 2 - h**3 + 20*h**3. What are the prime factors of i(2)?
2, 5, 13
Let y(n) = 32*n**2 + 4*n + 17. Let r(h) = 3 + 1 + 2*h - h + 0*h + 8*h**2. Let z(g) = 9*r(g) - 2*y(g). What are the prime factors of z(2)?
2, 3
Let n = 2250 - -292. What are the prime factors of n?
2, 31, 41
Suppose 0*i = -5*i + 10. Suppose i*d = -d. Suppose d = 2*h + 2*h - 84. List the prime factors of h.
3, 7
Let h(m) = 2